{"version":"1.0","provider_name":"Ecole Sainte Marie de l&#039;Immacul\u00e9e Saint Nazaire","provider_url":"https:\/\/saint-nazaire-sainte-marie-immaculee.fr","title":"Les contes traditionnels - Ecole Sainte Marie de l&#039;Immacul\u00e9e Saint Nazaire","type":"rich","width":600,"height":338,"html":"<blockquote class=\"wp-embedded-content\" data-secret=\"zK3NqCZcQx\"><a href=\"https:\/\/saint-nazaire-sainte-marie-immaculee.fr\/index.php\/2019\/10\/16\/les-contes-traditionnels\/\">Les contes traditionnels<\/a><\/blockquote><iframe sandbox=\"allow-scripts\" security=\"restricted\" src=\"https:\/\/saint-nazaire-sainte-marie-immaculee.fr\/index.php\/2019\/10\/16\/les-contes-traditionnels\/embed\/#?secret=zK3NqCZcQx\" width=\"600\" height=\"338\" title=\"\u00ab\u00a0Les contes traditionnels\u00a0\u00bb &#8212; Ecole Sainte Marie de l&#039;Immacul\u00e9e Saint Nazaire\" data-secret=\"zK3NqCZcQx\" frameborder=\"0\" marginwidth=\"0\" marginheight=\"0\" scrolling=\"no\" class=\"wp-embedded-content\"><\/iframe><script type=\"text\/javascript\">\n\/* <![CDATA[ *\/\n\/*! This file is auto-generated *\/\n!function(d,l){\"use strict\";l.querySelector&&d.addEventListener&&\"undefined\"!=typeof URL&&(d.wp=d.wp||{},d.wp.receiveEmbedMessage||(d.wp.receiveEmbedMessage=function(e){var t=e.data;if((t||t.secret||t.message||t.value)&&!\/[^a-zA-Z0-9]\/.test(t.secret)){for(var s,r,n,a=l.querySelectorAll('iframe[data-secret=\"'+t.secret+'\"]'),o=l.querySelectorAll('blockquote[data-secret=\"'+t.secret+'\"]'),c=new RegExp(\"^https?:$\",\"i\"),i=0;i<o.length;i++)o[i].style.display=\"none\";for(i=0;i<a.length;i++)s=a[i],e.source===s.contentWindow&&(s.removeAttribute(\"style\"),\"height\"===t.message?(1e3<(r=parseInt(t.value,10))?r=1e3:~~r<200&&(r=200),s.height=r):\"link\"===t.message&&(r=new URL(s.getAttribute(\"src\")),n=new URL(t.value),c.test(n.protocol))&&n.host===r.host&&l.activeElement===s&&(d.top.location.href=t.value))}},d.addEventListener(\"message\",d.wp.receiveEmbedMessage,!1),l.addEventListener(\"DOMContentLoaded\",function(){for(var e,t,s=l.querySelectorAll(\"iframe.wp-embedded-content\"),r=0;r<s.length;r++)(t=(e=s[r]).getAttribute(\"data-secret\"))||(t=Math.random().toString(36).substring(2,12),e.src+=\"#?secret=\"+t,e.setAttribute(\"data-secret\",t)),e.contentWindow.postMessage({message:\"ready\",secret:t},\"*\")},!1)))}(window,document);\n\/* ]]> *\/\n<\/script>\n","description":"En litt\u00e9rature, les CE2 ont travaill\u00e9 sur les contes traditionnels. Nous avons \u00e9tudi\u00e9 \u00ab\u00a0Les f\u00e9es\u00a0\u00bb de Charles Perrault, \u00ab\u00a0La reine des abeilles\u00a0\u00bb des Fr\u00e8res Grimm ainsi que \u00ab\u00a0Le petit soldat de plomb\u00a0\u00bb de Hans Christian Andersen. &nbsp; Les f\u00e9es \u00ab\u00a0Il est tr\u00e8s bien mais un peu triste pour Fanchon et la cadette.\u00a0\u00bb Lilou \u00ab\u00a0J&rsquo;ai beaucoupLire la suite"}

Ecole Sainte Marie de l&#039;Immaculée Saint Nazaire

Les contes traditionnels - Ecole Sainte Marie de l&#039;Immaculée Saint Nazaire

<blockquote class="wp-embedded-content" data-secret="zK3NqCZcQx"><a href="https://saint-nazaire-sainte-marie-immaculee.fr/index.php/2019/10/16/les-contes-traditionnels/">Les contes traditionnels</a></blockquote><iframe sandbox="allow-scripts" security="restricted" src="https://saint-nazaire-sainte-marie-immaculee.fr/index.php/2019/10/16/les-contes-traditionnels/embed/#?secret=zK3NqCZcQx" width="600" height="338" title="« Les contes traditionnels » &#8212; Ecole Sainte Marie de l&#039;Immaculée Saint Nazaire" data-secret="zK3NqCZcQx" frameborder="0" marginwidth="0" marginheight="0" scrolling="no" class="wp-embedded-content"></iframe><script type="text/javascript">
/* <![CDATA[ */
/*! This file is auto-generated */
!function(d,l){"use strict";l.querySelector&&d.addEventListener&&"undefined"!=typeof URL&&(d.wp=d.wp||{},d.wp.receiveEmbedMessage||(d.wp.receiveEmbedMessage=function(e){var t=e.data;if((t||t.secret||t.message||t.value)&&!/[^a-zA-Z0-9]/.test(t.secret)){for(var s,r,n,a=l.querySelectorAll('iframe[data-secret="'+t.secret+'"]'),o=l.querySelectorAll('blockquote[data-secret="'+t.secret+'"]'),c=new RegExp("^https?:$","i"),i=0;i<o.length;i++)o[i].style.display="none";for(i=0;i<a.length;i++)s=a[i],e.source===s.contentWindow&&(s.removeAttribute("style"),"height"===t.message?(1e3<(r=parseInt(t.value,10))?r=1e3:~~r<200&&(r=200),s.height=r):"link"===t.message&&(r=new URL(s.getAttribute("src")),n=new URL(t.value),c.test(n.protocol))&&n.host===r.host&&l.activeElement===s&&(d.top.location.href=t.value))}},d.addEventListener("message",d.wp.receiveEmbedMessage,!1),l.addEventListener("DOMContentLoaded",function(){for(var e,t,s=l.querySelectorAll("iframe.wp-embedded-content"),r=0;r<s.length;r++)(t=(e=s[r]).getAttribute("data-secret"))||(t=Math.random().toString(36).substring(2,12),e.src+="#?secret="+t,e.setAttribute("data-secret",t)),e.contentWindow.postMessage({message:"ready",secret:t},"*")},!1)))}(window,document);
/* ]]> */
</script>

En littérature, les CE2 ont travaillé sur les contes traditionnels. Nous avons étudié « Les fées » de Charles Perrault, « La reine des abeilles » des Frères Grimm ainsi que « Le petit soldat de plomb » de Hans Christian Andersen. &nbsp; Les fées « Il est très bien mais un peu triste pour Fanchon et la cadette. » Lilou « J&rsquo;ai beaucoupLire la suite
